t l = y + -30. What is the tens digit of l?
1
Suppose 2*a - 2126 + 12598 = 4*k, 5*k + 3*a = 13090. What is the tens digit of k?
1
Let t be (-21)/6*36/(-63). Suppose -5*o + 60 = -t*o. What is the units digit of o?
0
Let i(b) = 283*b - 576. What is the thousands digit of i(7)?
1
Let b be ((-207)/(-6))/((-9)/18). Let f = b - -97. What is the tens digit of f?
2
Let l(s) = -2*s**3 + 2*s - 3. Let d = 9 + -7. Let k be l(d). What is the units digit of ((-36)/15)/2*k?
8
Suppose -2*w = 5*r - 9865, -4*w + r + 9823 = -9918. What is the tens digit of w?
3
Let i = -8 - 6. Let m = i + 27. What is the tens digit of m?
1
Suppose -5*u + j + 12 = -3, -4*u + 3*j + 1 = 0. Let o = 1 + 4. Suppose o*x - u*x = 29. What is the tens digit of x?
2
Let s be (8/(-2))/(1 - -1). Let g(i) = i + 2. Let z be g(s). Suppose -5*f + 181 + 29 = z. What is the tens digit of f?
4
Let g(v) = v**3 + 15*v**2 + 18*v - 17. Let a(l) = -l**2 + 16*l - 28. Let f be a(15). What is the units digit of g(f)?
7
Let g(u) = 7*u + 20. Suppose 4*o + 4 = 2*a, -3*a - a + 22 = -o. What is the units digit of g(a)?
2
Let v(c) = -c**3 - c**2 + 8*c + 1235. What is the hundreds digit of v(0)?
2
Suppose 2*v + 7*v - 2106 = 0. Suppose 3*u - h - 476 = 0, 3*u + 5*h - v = 266. What is the tens digit of u?
6
Let i(k) = 4*k**2 - 2*k + 4. Suppose -10 = 4*n - p, -5*n + 4*p - 4 = 3. Let s be i(n). Suppose 0*u = -5*j + 4*u + 49, u + s = 5*j. What is the units digit of j?
9
Let j(q) = 10*q**3 - q**2 + q - 1. Let p(y) = -y**3 - 9*y**2 - y - 12. Let t be p(-9). Let f be 1/(-2 + 0 - t). What is the units digit of j(f)?
9
Let i(b) = -3*b + 49. What is the tens digit of i(-11)?
8
What is the hundreds digit of ((-17)/((-357)/36))/((-2)/(-315))?
2
Let y be 6/(-10) + (-26)/(-10). Suppose i = -2*z - 3*z + 152, 116 = 4*z - y*i. Suppose 5*p = 4*t + 195, -2*t - z = -p - 3*t. What is the tens digit of p?
3
Let g be 4/12 - 1473/(-9). Suppose 4*q + g = 496. What is the tens digit of q?
8
Suppose -921 = 23*q - 148650. What is the thousands digit of q?
6
Let h(c) = -51*c + 30. Let b be h(-3). Let g = 293 - b. What is the units digit of g?
0
Let z = -135 + 550. What is the hundreds digit of z?
4
Suppose -3*q + 1672 = 211. What is the units digit of q?
7
Suppose -3*o + 7*o = 0. Let c be 267 - (0 - 1 - o). Suppose -2*s - 54 = -a, -5*s + c = -a + 5*a. What is the tens digit of a?
6
Let u = -96 - -775. What is the units digit of u?
9
What is the hundreds digit of (-150)/(-100) - 594/(-4)?
1
Suppose 5*q + 5*p + 208 = -1277, -2*q - p = 598. Let k = -202 - q. What is the tens digit of k?
9
Let v be (3/9)/((-4)/(-3612)). Let l = v - 73. Suppose -3*m + l = 93. What is the units digit of m?
5
Let q = 1075 + -649. What is the units digit of q?
6
Let w(h) = -h - 7. Let s be w(0). Let y = -7 - s. Suppose 4*v - 55 = -z - 9, y = 2*z + 4*v - 76. What is the tens digit of z?
3
Let w = -412 - -733. What is the hundreds digit of w?
3
Let t be (-170)/(-2) + 4 + -1. Let x(w) = w**3 + 5*w**2 - 7*w - 3. Let p be x(-6). Suppose p*n + t = 5*g, -5*g = -2*n - 83 - 4. What is the units digit of g?
7
Suppose -12*a = -20*a + 3792. What is the tens digit of a?
7
Let x be 4/(-24)*3*124. Let k = -41 - x. What is the tens digit of 36*(-1)/(-12)*k?
6
Suppose 40*h = 30*h + 6520. What is the tens digit of h?
5
Let o(s) = s**3 - 8*s**2 - 9*s + 4. Let p be o(9). What is the tens digit of (p + -10)*(-2 - 0)?
1
Suppose -42*i = -37*i - 3910. What is the units digit of i?
2
Let n = 1215 - 854. What is the hundreds digit of n?
3
Let o = -976 + 1417. What is the tens digit of o?
4
Let j = -98 - -173. Suppose 3*v + 2*w - 3 = 3*w, -5*v = -4*w - 12. Suppose 3*t + 3*u - 57 = v, -4*t + t + j = -3*u. What is the units digit of t?
2
Let i = -6 - -10. What is the units digit of (i - (1 + -25))*(-13)/(-2)?
2
Suppose -3*w = 5*l + 2*w - 10280, 0 = 2*w + 8. What is the tens digit of l?
6
Let n = -4 - -9. Suppose 4*y + 5 = 8*y + 3*p, -6 = -5*y - 4*p. Suppose -y*s + s = -n. What is the units digit of s?
5
Let i = -58 - -62. Suppose -v + i*j - 7 = 0, v - 2*j - 25 = -6*j. What is the units digit of v?
9
Suppose -2*k - 1 + 11 = -5*o, k = 4*o + 5. What is the units digit of (-53 - 1)*(-1 - o)?
4
Suppose -3*c + 16*l - 14*l + 1831 = 0, 5*l - 2426 = -4*c. What is the tens digit of c?
0
Let r(s) = -92*s**3 + s**2 + 6*s + 4. What is the hundreds digit of r(-2)?
7
Let u(r) = 5*r - 4. Let v be u(2). Suppose -5*l - v = -16. Suppose -l*m = -4*m + 32. What is the units digit of m?
6
Suppose 5*j = -4*m + 57, -3 = 3*j - m - 27. Let o(z) = z - 5. Let d be o(j). Suppose d*p = -0*p + 32. What is the units digit of p?
8
Suppose -2*q + 936 = 6*q. What is the tens digit of q?
1
Let g(q) = q**2 - q - 1. Let h be g(2). Let j(p) = 19*p**3 + 3*p**2 - p - 1. Let m be j(h). Let u = 5 + m. What is the tens digit of u?
2
Suppose 5*l = 4*x + 3180, -4 + 24 = 4*x. Let g = -295 + l. What is the units digit of g?
5
Let z be ((-6)/10)/(-1*3/15). Suppose -z*y = 4*x - 513, -82 = -x - 5*y + 25. What is the hundreds digit of x?
1
Let x = -108 + 36. What is the units digit of 181/6 - (-12)/x?
0
Let i be 34/6*(-2 - -5). Suppose -i*t = -16*t - 158. What is the hundreds digit of t?
1
Suppose b = -3, 2*r - 72 = -2*b - 2*b. What is the tens digit of (-979)/(-7) - (-6)/r?
4
Let n(k) = 10*k**2 + 11*k + 10. What is the thousands digit of n(-17)?
2
Suppose -18 = -4*h - 2*h. What is the units digit of ((-3 + 969)/h)/2?
1
Suppose 0 = -6*q + 21179 + 3277. What is the units digit of q?
6
Suppose 6*i - 349 - 467 = 0. Suppose -q + i = x, 0 = -4*x - 3*q + q + 534. What is the tens digit of x?
3
Let u(i) = 3*i**2 + 2*i - 2. Let m be u(-2). Let g(d) = d**2 - 4. Let t be g(m). What is the tens digit of (-8)/(-10)*(t + -12)?
1
Suppose 0*r - r - 1 = 0. Let w = r + 11. Suppose 2*t + 0*t + 2*v - 68 = 0, -2*v + w = 0. What is the units digit of t?
9
Let h be (5 - (2 + -3))/2. Suppose 0*v - h*v = -195. What is the units digit of v?
5
Let t = 18 + -30. Let v = t + 13. Suppose -d = -k - 6 - v, -2*k - 24 = -4*d. What is the units digit of d?
5
Let h(j) = 2*j**2 + 1. Let r(v) = -v**2 - 1. Let n(g) = -6*h(g) - 11*r(g). Let o be n(-2). What is the units digit of o/((-128)/132 + 1)?
3
Let s(w) = 293*w**2 - 8*w + 4. What is the hundreds digit of s(3)?
6
Suppose 6386 = -25*s + 44286. What is the units digit of s?
6
Let p be 1*(0 + 2) - -2. Suppose 0 = 4*g + 2*d + p, 3*g + d + 4 = -0*d. What is the units digit of 1 + 2 - 4/g?
5
Let z(s) = 36*s + 30. What is the units digit of z(13)?
8
Let f = 409 - 493. Let g(s) = 3*s + 6. Let q be g(-4). What is the units digit of (2/q)/(2/f)?
4
Let i = -39 - -35. What is the units digit of 3 + (-1864)/(-36) + i/(-18)?
5
Let s(j) = -78*j + 192. What is the tens digit of s(2)?
3
Suppose 6*a = 2*a, -3*n + 9 = 2*a. Suppose 4*y = y + n. Let l = y + 24. What is the tens digit of l?
2
Let g = -40 + 12. Let f = -56 - g. What is the units digit of -4 + 1 - (-6 + f)?
1
Let y = -7 + -2. Let n(m) = 5*m**2 + 3*m + 18. Let g(i) = -9*i**2 - 5*i - 35. Let j(a) = 6*g(a) + 11*n(a). What is the tens digit of j(y)?
4
Let g(d) = -d + 2. Let p be g(-3). Suppose -4*k + 123 + 102 = -u, 5*u - 300 = -p*k. What is the tens digit of k?
5
Let j = -829 + 1482. What is the tens digit of j?
5
Suppose -5*r - 5*o + 12 = -2*o, -o = -2*r - 4. Let x(s) be the first derivative of s**4/4 + s**3/3 + 32*s - 14. What is the tens digit of x(r)?
3
Let z = -169 - -308. Let o = 388 - z. What is the tens digit of o?
4
Suppose -2*w + 12 = -12. Let t be (124/16)/(3/w). Suppose 0*s + 3*s + t = m, -m + 4*s + 27 = 0. What is the tens digit of m?
4
Let c = -38 - -41. What is the units digit of 6*c/(-6) - -11*1?
8
Let m(q) = q**3 + 18*q**2 + 34*q + 10. What is the tens digit of m(-14)?
1
Suppose -2*i = 3*i - 4*j - 338, -2*j + 6 = 0. Suppose -s + i + 54 = 0. What is the tens digit of s?
2
Let x(y) = y**2 + 3*y + 3. Let q be x(-3). Suppose 0*a - q*a = 3. What is the units digit of a/(((-15)/(-24))/(-5))?
8
Let r(h) = h**3 - 17*h - 13. What is the tens digit of r(8)?
6
Suppose -3*r + 51 + 503 = 4*t, 0 = -4*r + t + 764. What is the units digit of r?
0
Suppose -12150 = -3*k - 3*l, -2*l = -4*k + 3*l + 16164. What is the units digit of k?
6
Let c(k) = 1038*k**2 - 106*k + 206. What is the hundreds digit of c(2)?
1
Let b be ((-4)/2)/((-4)/22). Let p be 1/((-3)/(-18)*-2). Let c = b + p. What is 